{"version":"1.0","provider_name":"LocoXelRojo.com | Club Atl\u00e9tico Independiente","provider_url":"https:\/\/www.locoxelrojo.com\/independiente","title":"15 bajas: Adri\u00e1n Fern\u00e1ndez firm\u00f3 en Instituto - LocoXelRojo.com | Club Atl\u00e9tico Independiente","type":"rich","width":600,"height":338,"html":"<blockquote class=\"wp-embedded-content\" data-secret=\"Cal5mtBcCT\"><a href=\"https:\/\/www.locoxelrojo.com\/independiente\/2016\/01\/04\/15-bajas-adrian-fernandez-firmo-en-instituto\/\">15 bajas: Adri\u00e1n Fern\u00e1ndez firm\u00f3 en Instituto<\/a><\/blockquote><iframe sandbox=\"allow-scripts\" security=\"restricted\" src=\"https:\/\/www.locoxelrojo.com\/independiente\/2016\/01\/04\/15-bajas-adrian-fernandez-firmo-en-instituto\/embed\/#?secret=Cal5mtBcCT\" width=\"600\" height=\"338\" title=\"&#8220;15 bajas: Adri\u00e1n Fern\u00e1ndez firm\u00f3 en Instituto&#8221; &#8212; LocoXelRojo.com | Club Atl\u00e9tico Independiente\" data-secret=\"Cal5mtBcCT\" frameborder=\"0\" marginwidth=\"0\" marginheight=\"0\" scrolling=\"no\" class=\"wp-embedded-content\"><\/iframe><script type=\"text\/javascript\">\n\/*! This file is auto-generated *\/\n!function(c,d){\"use strict\";var e=!1,o=!1;if(d.querySelector)if(c.addEventListener)e=!0;if(c.wp=c.wp||{},c.wp.receiveEmbedMessage);else if(c.wp.receiveEmbedMessage=function(e){var t=e.data;if(!t);else if(!(t.secret||t.message||t.value));else if(\/[^a-zA-Z0-9]\/.test(t.secret));else{for(var r,s,a,i=d.querySelectorAll('iframe[data-secret=\"'+t.secret+'\"]'),n=d.querySelectorAll('blockquote[data-secret=\"'+t.secret+'\"]'),o=new RegExp(\"^https?:$\",\"i\"),l=0;l<n.length;l++)n[l].style.display=\"none\";for(l=0;l<i.length;l++)if(r=i[l],e.source!==r.contentWindow);else{if(r.removeAttribute(\"style\"),\"height\"===t.message){if(1e3<(s=parseInt(t.value,10)))s=1e3;else if(~~s<200)s=200;r.height=s}if(\"link\"===t.message)if(s=d.createElement(\"a\"),a=d.createElement(\"a\"),s.href=r.getAttribute(\"src\"),a.href=t.value,!o.test(a.protocol));else if(a.host===s.host)if(d.activeElement===r)c.top.location.href=t.value}}},e)c.addEventListener(\"message\",c.wp.receiveEmbedMessage,!1),d.addEventListener(\"DOMContentLoaded\",t,!1),c.addEventListener(\"load\",t,!1);function t(){if(o);else{o=!0;for(var e,t,r,s=-1!==navigator.appVersion.indexOf(\"MSIE 10\"),a=!!navigator.userAgent.match(\/Trident.*rv:11\\.\/),i=d.querySelectorAll(\"iframe.wp-embedded-content\"),n=0;n<i.length;n++){if(!(r=(t=i[n]).getAttribute(\"data-secret\")))r=Math.random().toString(36).substr(2,10),t.src+=\"#?secret=\"+r,t.setAttribute(\"data-secret\",r);if(s||a)(e=t.cloneNode(!0)).removeAttribute(\"security\"),t.parentNode.replaceChild(e,t);t.contentWindow.postMessage({message:\"ready\",secret:r},\"*\")}}}}(window,document);\n<\/script>\n","thumbnail_url":"https:\/\/locoxelrojo.com\/independiente\/wp-content\/uploads\/2016\/01\/Adrian-Fernandez.jpg","thumbnail_width":740,"thumbnail_height":395,"description":"Independiente se desprendi\u00f3 de otro contrato de manera involuntaria. Adri\u00e1n Fern\u00e1ndez qued\u00f3 libre de Libertad de Paraguay, club que pose\u00eda sus derechos federativos, por lo que ya no tiene ning\u00fan v\u00ednculo con el Rojo. En las \u00faltimas horas arregl\u00f3 su llegada a Instituto de C\u00f3rdoba. Hace seis meses, Fern\u00e1ndez se sum\u00f3 a Libertad a pr\u00e9stamo [&hellip;]"}

LocoXelRojo.com | Club Atlético Independiente

15 bajas: Adrián Fernández firmó en Instituto - LocoXelRojo.com | Club Atlético Independiente

<blockquote class="wp-embedded-content" data-secret="Cal5mtBcCT"><a href="https://www.locoxelrojo.com/independiente/2016/01/04/15-bajas-adrian-fernandez-firmo-en-instituto/">15 bajas: Adrián Fernández firmó en Instituto</a></blockquote><iframe sandbox="allow-scripts" security="restricted" src="https://www.locoxelrojo.com/independiente/2016/01/04/15-bajas-adrian-fernandez-firmo-en-instituto/embed/#?secret=Cal5mtBcCT" width="600" height="338" title="&#8220;15 bajas: Adrián Fernández firmó en Instituto&#8221; &#8212; LocoXelRojo.com | Club Atlético Independiente" data-secret="Cal5mtBcCT" frameborder="0" marginwidth="0" marginheight="0" scrolling="no" class="wp-embedded-content"></iframe><script type="text/javascript">
/*! This file is auto-generated */
!function(c,d){"use strict";var e=!1,o=!1;if(d.querySelector)if(c.addEventListener)e=!0;if(c.wp=c.wp||{},c.wp.receiveEmbedMessage);else if(c.wp.receiveEmbedMessage=function(e){var t=e.data;if(!t);else if(!(t.secret||t.message||t.value));else if(/[^a-zA-Z0-9]/.test(t.secret));else{for(var r,s,a,i=d.querySelectorAll('iframe[data-secret="'+t.secret+'"]'),n=d.querySelectorAll('blockquote[data-secret="'+t.secret+'"]'),o=new RegExp("^https?:$","i"),l=0;l<n.length;l++)n[l].style.display="none";for(l=0;l<i.length;l++)if(r=i[l],e.source!==r.contentWindow);else{if(r.removeAttribute("style"),"height"===t.message){if(1e3<(s=parseInt(t.value,10)))s=1e3;else if(~~s<200)s=200;r.height=s}if("link"===t.message)if(s=d.createElement("a"),a=d.createElement("a"),s.href=r.getAttribute("src"),a.href=t.value,!o.test(a.protocol));else if(a.host===s.host)if(d.activeElement===r)c.top.location.href=t.value}}},e)c.addEventListener("message",c.wp.receiveEmbedMessage,!1),d.addEventListener("DOMContentLoaded",t,!1),c.addEventListener("load",t,!1);function t(){if(o);else{o=!0;for(var e,t,r,s=-1!==navigator.appVersion.indexOf("MSIE 10"),a=!!navigator.userAgent.match(/Trident.*rv:11\./),i=d.querySelectorAll("iframe.wp-embedded-content"),n=0;n<i.length;n++){if(!(r=(t=i[n]).getAttribute("data-secret")))r=Math.random().toString(36).substr(2,10),t.src+="#?secret="+r,t.setAttribute("data-secret",r);if(s||a)(e=t.cloneNode(!0)).removeAttribute("security"),t.parentNode.replaceChild(e,t);t.contentWindow.postMessage({message:"ready",secret:r},"*")}}}}(window,document);
</script>

Independiente se desprendió de otro contrato de manera involuntaria. Adrián Fernández quedó libre de Libertad de Paraguay, club que poseía sus derechos federativos, por lo que ya no tiene ningún vínculo con el Rojo. En las últimas horas arregló su llegada a Instituto de Córdoba. Hace seis meses, Fernández se sumó a Libertad a préstamo [&hellip;]
