{"version":"1.0","provider_name":"LocoXelRojo.com | Club Atl\u00e9tico Independiente","provider_url":"https:\/\/www.locoxelrojo.com\/independiente","title":"Hern\u00e1ndez, a Norteam\u00e9rica con La Roja - LocoXelRojo.com | Club Atl\u00e9tico Independiente","type":"rich","width":600,"height":338,"html":"<blockquote class=\"wp-embedded-content\" data-secret=\"vQ6gx8NdbB\"><a href=\"https:\/\/www.locoxelrojo.com\/independiente\/2018\/10\/04\/tucu-hernandez-a-norteamerica-con-la-roja\/\">Hern\u00e1ndez, a Norteam\u00e9rica con La Roja<\/a><\/blockquote><iframe sandbox=\"allow-scripts\" security=\"restricted\" src=\"https:\/\/www.locoxelrojo.com\/independiente\/2018\/10\/04\/tucu-hernandez-a-norteamerica-con-la-roja\/embed\/#?secret=vQ6gx8NdbB\" width=\"600\" height=\"338\" title=\"&#8220;Hern\u00e1ndez, a Norteam\u00e9rica con La Roja&#8221; &#8212; LocoXelRojo.com | Club Atl\u00e9tico Independiente\" data-secret=\"vQ6gx8NdbB\" frameborder=\"0\" marginwidth=\"0\" marginheight=\"0\" scrolling=\"no\" class=\"wp-embedded-content\"><\/iframe><script type=\"text\/javascript\">\n\/*! This file is auto-generated *\/\n!function(c,d){\"use strict\";var e=!1,o=!1;if(d.querySelector)if(c.addEventListener)e=!0;if(c.wp=c.wp||{},c.wp.receiveEmbedMessage);else if(c.wp.receiveEmbedMessage=function(e){var t=e.data;if(!t);else if(!(t.secret||t.message||t.value));else if(\/[^a-zA-Z0-9]\/.test(t.secret));else{for(var r,s,a,i=d.querySelectorAll('iframe[data-secret=\"'+t.secret+'\"]'),n=d.querySelectorAll('blockquote[data-secret=\"'+t.secret+'\"]'),o=new RegExp(\"^https?:$\",\"i\"),l=0;l<n.length;l++)n[l].style.display=\"none\";for(l=0;l<i.length;l++)if(r=i[l],e.source!==r.contentWindow);else{if(r.removeAttribute(\"style\"),\"height\"===t.message){if(1e3<(s=parseInt(t.value,10)))s=1e3;else if(~~s<200)s=200;r.height=s}if(\"link\"===t.message)if(s=d.createElement(\"a\"),a=d.createElement(\"a\"),s.href=r.getAttribute(\"src\"),a.href=t.value,!o.test(a.protocol));else if(a.host===s.host)if(d.activeElement===r)c.top.location.href=t.value}}},e)c.addEventListener(\"message\",c.wp.receiveEmbedMessage,!1),d.addEventListener(\"DOMContentLoaded\",t,!1),c.addEventListener(\"load\",t,!1);function t(){if(o);else{o=!0;for(var e,t,r,s=-1!==navigator.appVersion.indexOf(\"MSIE 10\"),a=!!navigator.userAgent.match(\/Trident.*rv:11\\.\/),i=d.querySelectorAll(\"iframe.wp-embedded-content\"),n=0;n<i.length;n++){if(!(r=(t=i[n]).getAttribute(\"data-secret\")))r=Math.random().toString(36).substr(2,10),t.src+=\"#?secret=\"+r,t.setAttribute(\"data-secret\",r);if(s||a)(e=t.cloneNode(!0)).removeAttribute(\"security\"),t.parentNode.replaceChild(e,t);t.contentWindow.postMessage({message:\"ready\",secret:r},\"*\")}}}}(window,document);\n<\/script>\n","thumbnail_url":"https:\/\/locoxelrojo.com\/independiente\/wp-content\/uploads\/2018\/10\/Tucu-Hernandez.jpg","thumbnail_width":"785","thumbnail_height":"400","description":"Pablo Hern\u00e1ndez fue convocado a la Selecci\u00f3n de Chile para jugar los amistosos ante Per\u00fa y M\u00e9xico. El volante de Independiente volvi\u00f3 a ser citado por Reinaldo Rueda para la fecha FIFA. El Tucu est\u00e1 entre los 24 convocados para la gira de La Roja por Norteam\u00e9rica. El seleccionado chileno se medir\u00e1 el viernes 12 [&hellip;]"}

LocoXelRojo.com | Club Atlético Independiente

Hernández, a Norteamérica con La Roja - LocoXelRojo.com | Club Atlético Independiente

<blockquote class="wp-embedded-content" data-secret="vQ6gx8NdbB"><a href="https://www.locoxelrojo.com/independiente/2018/10/04/tucu-hernandez-a-norteamerica-con-la-roja/">Hernández, a Norteamérica con La Roja</a></blockquote><iframe sandbox="allow-scripts" security="restricted" src="https://www.locoxelrojo.com/independiente/2018/10/04/tucu-hernandez-a-norteamerica-con-la-roja/embed/#?secret=vQ6gx8NdbB" width="600" height="338" title="&#8220;Hernández, a Norteamérica con La Roja&#8221; &#8212; LocoXelRojo.com | Club Atlético Independiente" data-secret="vQ6gx8NdbB" frameborder="0" marginwidth="0" marginheight="0" scrolling="no" class="wp-embedded-content"></iframe><script type="text/javascript">
/*! This file is auto-generated */
!function(c,d){"use strict";var e=!1,o=!1;if(d.querySelector)if(c.addEventListener)e=!0;if(c.wp=c.wp||{},c.wp.receiveEmbedMessage);else if(c.wp.receiveEmbedMessage=function(e){var t=e.data;if(!t);else if(!(t.secret||t.message||t.value));else if(/[^a-zA-Z0-9]/.test(t.secret));else{for(var r,s,a,i=d.querySelectorAll('iframe[data-secret="'+t.secret+'"]'),n=d.querySelectorAll('blockquote[data-secret="'+t.secret+'"]'),o=new RegExp("^https?:$","i"),l=0;l<n.length;l++)n[l].style.display="none";for(l=0;l<i.length;l++)if(r=i[l],e.source!==r.contentWindow);else{if(r.removeAttribute("style"),"height"===t.message){if(1e3<(s=parseInt(t.value,10)))s=1e3;else if(~~s<200)s=200;r.height=s}if("link"===t.message)if(s=d.createElement("a"),a=d.createElement("a"),s.href=r.getAttribute("src"),a.href=t.value,!o.test(a.protocol));else if(a.host===s.host)if(d.activeElement===r)c.top.location.href=t.value}}},e)c.addEventListener("message",c.wp.receiveEmbedMessage,!1),d.addEventListener("DOMContentLoaded",t,!1),c.addEventListener("load",t,!1);function t(){if(o);else{o=!0;for(var e,t,r,s=-1!==navigator.appVersion.indexOf("MSIE 10"),a=!!navigator.userAgent.match(/Trident.*rv:11\./),i=d.querySelectorAll("iframe.wp-embedded-content"),n=0;n<i.length;n++){if(!(r=(t=i[n]).getAttribute("data-secret")))r=Math.random().toString(36).substr(2,10),t.src+="#?secret="+r,t.setAttribute("data-secret",r);if(s||a)(e=t.cloneNode(!0)).removeAttribute("security"),t.parentNode.replaceChild(e,t);t.contentWindow.postMessage({message:"ready",secret:r},"*")}}}}(window,document);
</script>

Pablo Hernández fue convocado a la Selección de Chile para jugar los amistosos ante Perú y México. El volante de Independiente volvió a ser citado por Reinaldo Rueda para la fecha FIFA. El Tucu está entre los 24 convocados para la gira de La Roja por Norteamérica. El seleccionado chileno se medirá el viernes 12 [&hellip;]
